Let h be (1 - (1 + 3))*-1. Suppose -3 = -h*g, 65 = 4*z - 2*z - 5*g. Calculate the remainder when 102 is divided by z.
32
Let s = -16 - -17. Calculate the remainder when 21 is divided by (23 - s)*7/14.
10
Let k = 197 + -105. Suppose 8*i = k + 4. Calculate the remainder when 70 is divided by i.
10
Suppose -t + 4*t = -3*q + 96, 3*t = 3*q - 120. Let d = q + -29. Calculate the remainder when d is divided by 2.
1
Let b = 7 + -2. Let k = 735 - 699. Calculate the remainder when k is divided by b.
1
What is the remainder when 9*(3 + 0/(-1)) is divided by ((-12)/8 - (-9)/6) + 14?
13
Suppose 0 = 2*q + 4*d - 838 - 72, -1377 = -3*q - 3*d. What is the remainder when q is divided by 38?
7
Let h be (-16)/12 + ((-92)/3)/4. Calculate the remainder when 99 is divided by (49/18 - (-2)/h)*8.
19
Let f(x) = -6*x + 13 + x + 6*x. What is the remainder when 39 is divided by f(-3)?
9
Suppose 6 = -2*i, 4*i + i = 3*q - 24. Let l(s) = -s**3 + 5*s**2 + 10*s - 8. Calculate the remainder when 77 is divided by l(q).
37
Suppose -423 = -41*c + 315. What is the remainder when 168 is divided by c?
6
Suppose -4*v - 13 = -25. Let j(n) = 5*n - 3. Let o be j(5). Calculate the remainder when v*o/6 + 2 is divided by 7.
6
Suppose -6*z + 2*z = -24. Suppose 0 = z*b - 101 - 103. Calculate the remainder when b is divided by (24/(-15))/(4/(-30)).
10
Let j(d) = 2*d**3 - 3*d**2 - 4*d + 2. Let f(q) = 2. Let z(h) = -h - 1. Let u(s) = -f(s) - 4*z(s). Calculate the remainder when u(7) is divided by j(3).
13
Let t(x) = x**3 - 6*x**2 + 3*x + 8. Let f be t(6). Suppose f*i = 22*i - 88. Let y = -11 - i. What is the remainder when 42 is divided by y?
9
Let b be 196/(-12) + 8/6. Let r = b + 7. Let a(y) = y**3 + 7*y**2 - 10*y + 6. What is the remainder when 64 is divided by a(r)?
20
Let j = -1 + 3. What is the remainder when 4/(-2 - -22)*5 is divided by 1/(5 + -2 - j)?
0
Suppose -6*c = -0*c. Suppose r + 2*r - 12 = c. Suppose -40 + 4 = -r*k. What is the remainder when 25 is divided by k?
7
Suppose n - 4*x = -18, 0*n - 5*x = n - 27. Suppose 4*q + 11 = 5*f + 1, n*f - 4 = -4*q. Suppose q = -0*p - p + 16. What is the remainder when 45 is divided by p?
13
Let f = -33 - -23. Let s = f - -34. Let x = 29 - s. Calculate the remainder when 9 is divided by x.
4
Let m = 170 + 2. Suppose m = u + 67. What is the remainder when u is divided by 22?
17
Let c(w) = w**3 + 5*w**2 + 2*w + 3. Calculate the remainder when c(-4) is divided by 2*(6 + 3 + -7).
3
Suppose 0 = -p + 6*p - 60. Suppose -p*j = -13*j + 9. Suppose 0 = 2*u - j + 1. What is the remainder when 5 is divided by u?
1
Let b(z) = -25*z - 148. Calculate the remainder when b(-9) is divided by 42.
35
Let m be -9 - 2/(-6)*-3. Let j = m + 13. Suppose j*c - 10 - 29 = 0. What is the remainder when c is divided by 4?
1
Let x(l) = -l**3 - 5*l**2 + 7*l + 6. Let t be x(-6). Let q be ((-44)/(-1))/(-2) + t. Let m = -14 - q. Calculate the remainder when 15 is divided by m.
7
Suppose 3*z - 2*k - 130 = 0, 0*k = -5*z + 2*k + 222. What is the remainder when 134 is divided by z?
42
Suppose 5*h = -2*p - 54, 5*p + 4 = -6. Let k be (h/4 - 0)*-2. Suppose -k*v + 73 = -32. What is the remainder when v is divided by 11?
10
Let z be (-3)/15 - 252/(-10). Let j = -14 + z. Let b = 13 - j. What is the remainder when 5 is divided by b?
1
Let u(l) = -17*l + 6. Let w be u(6). Let m = w + 141. What is the remainder when m is divided by (-4)/(-10)*(44 + -4)?
13
Suppose -2*t - 13 = 1. What is the remainder when 1/t + (-898)/(-14) is divided by 22?
20
Suppose 0 = 23*a - 24*a + y + 18, -2*y = -2. Calculate the remainder when 93 is divided by a.
17
Suppose -14*x + 18*x - 88 = 0. Let b = x - -75. What is the remainder when b is divided by 33?
31
Let q(b) = -6*b + 1. Let v(t) be the second derivative of -t**5/20 - 5*t**4/12 - 3*t**3/2 + 20*t. Calculate the remainder when v(-4) is divided by q(-1).
6
Let j(c) = 2*c**2 + 7*c - 14. Suppose -3*i = -6*i - 2*h + 90, -146 = -5*i - 2*h. Let b = -18 + i. Calculate the remainder when j(-7) is divided by b.
5
Suppose 0*f = -f + 130. Suppose -170 = 4*s + 3*u, 3*u + 1 = -5. Let n = -8 - s. Calculate the remainder when f is divided by n.
31
Calculate the remainder when 356 is divided by (-9)/54 - 489/(-18) - 3.
20
Suppose 0 = -3*k + 3*h - 270, -3*h - 240 - 42 = 3*k. Let g(l) = l**3 + 5*l**2 - 8*l - 5. Calculate the remainder when (-2)/(-4) + k/(-8) is divided by g(-6).
5
Suppose 3*u = 5*u - 178. Let i(c) = -c**3 - 10*c**2 - 12*c - 101. What is the remainder when u is divided by i(-10)?
13
Suppose 80*r - 528 = 47*r. Calculate the remainder when r is divided by 4.
0
Suppose -2 = v, v + 48 = -0*z + 2*z. Suppose -z*x = -21*x - 202. What is the remainder when x is divided by 34?
33
Let i(q) be the third derivative of q**4/6 + 3*q**3/2 - 15*q**2. Calculate the remainder when i(12) is divided by 15.
12
Let m(f) = -f**3 - 10*f**2 - 8*f + 21. Let z be -2 + (-24)/4 + -1. What is the remainder when 47 is divided by m(z)?
11
Let q be 2 + 0 + (-5)/(-5). Suppose q*v - 111 - 30 = 0. What is the remainder when v is divided by 17?
13
Let k(b) = b - 38 + 2*b + 28. Suppose 2*w - 22 + 8 = 0. What is the remainder when w is divided by k(4)?
1
Suppose 0 = 11*k - 503 - 388. What is the remainder when k is divided by 42?
39
Suppose 880 = 6*c - 644. Calculate the remainder when c is divided by 16.
14
Suppose 3*c - 62 = i, 2*c - 23 = -4*i - 5. What is the remainder when 2830 is divided by c?
18
Let w = 10087 - 9960. Suppose 4*c = 53 + 123. What is the remainder when w is divided by c?
39
What is the remainder when 27 is divided by (-18)/21 + (-41)/(-7)?
2
What is the remainder when (-2)/(-2*4/232) is divided by 15?
13
Let o(g) = -17*g + 4. Let v = 110 + -116. What is the remainder when o(v) is divided by 9?
7
Let a(k) = -4*k**2 + 12*k - 17. Let m be a(7). Let i = 143 + m. Suppose 186 = 5*w + 51. What is the remainder when w is divided by i?
13
Suppose 2*q - 19 = -5*x, -2*q = -0*q + 2*x - 10. Suppose -2*n + 0*n - 4 = 0, z - q*n - 8 = 0. Calculate the remainder when 4*2 - (-28 - -21) is divided by z.
3
Let r = 405 - 175. What is the remainder when r is divided by 39?
35
Suppose 24 = 4*n + 2*u - 3*u, 5*n - 5*u = 15. Let f = 2 - n. Let x(a) = 2*a**2 + 5*a + 5. Calculate the remainder when x(f) is divided by 11.
8
Suppose 102*h - 240 = 94*h. What is the remainder when 867 is divided by h?
27
Suppose -16088 = 2*h - 16130. Let y = -2 + 13. What is the remainder when h is divided by y?
10
Let b(q) = -29*q - 6. Let u(w) = 7*w + 20. Let j be u(-3). What is the remainder when b(j) is divided by 12?
11
Let f(r) = 7*r + 63. What is the remainder when 170 is divided by f(-4)?
30
Let a(n) = n**2 - 6*n - 197. Calculate the remainder when 141 is divided by a(-12).
8
Let w(x) = -13*x + 1. Suppose 0 = 6*g - 292 + 142. What is the remainder when g is divided by w(-1)?
11
Suppose 8 = 2*l, -i - 4 = 4*l - 8*l. Suppose -g = 4*b - 59, -b = 2*g + g - i. What is the remainder when 44 is divided by b?
14
Suppose 2*v - 2160 = -3*v. Suppose v = 7*s - 37. What is the remainder when s is divided by 23?
21
Suppose 2*i = -2*i + 52. Suppose 210 = -3*z + 6*z. Let l = z + -34. Calculate the remainder when l is divided by i.
10
Suppose 0 = -3*h - 26 + 143. Calculate the remainder when 85 is divided by h.
7
Suppose -t - 2*c + 6 = 0, 6*t - 62 = t - 2*c. Suppose -246 = -t*d + 2246. What is the remainder when d is divided by 30?
28
Suppose 0 = -3*x + 207 - 9. Let t = x + -47. Calculate the remainder when t is divided by 10.
9
Let g(t) = 8*t - 10. What is the remainder when g(4) is divided by 3?
1
Let a(s) = 10*s + 16. Calculate the remainder when 559 is divided by a(4).
55
Suppose -2*l - 3*l = -5*m - 60, 5*m - 2*l + 54 = 0. Let h = 15 + m. Let o(c) = c + 3. Calculate the remainder when o(5) is divided by h.
3
Let p(n) = -n**3 - 4*n**2 - 7*n - 3. Let g be p(-4). Suppose -4*d = -27 - g. What is the remainder when 25 is divided by d?
12
Let l(c) = -16*c**3 + c**2 + 2*c + 2. Calculate the remainder when l(-1) is divided by 7.
3
Let w = -5 + 7. Let r be -3 - (54/(-3) + (-4 - -4)). Let y = r + w. What is the remainder when 47 is divided by y?
13
Let g(i) = 3*i**2 + 27*i - 45. What is the remainder when 438 is divided by g(2)?
18
Let s(p) = 4*p**2 + 11*p + 11. Calculate the remainder when 34 is divided by s(-3).
6
Suppose 2*z = 16 + 134. S